at are the prime factors of 9862600?
2, 5, 11, 4483
List the prime factors of 4026895.
5, 37, 21767
What are the prime factors of 3197028?
2, 3, 263, 1013
What are the prime factors of 9349891?
23, 406517
List the prime factors of 1629931.
107, 15233
List the prime factors of 177418.
2, 43, 2063
List the prime factors of 9914243.
701, 14143
What are the prime factors of 106783?
106783
What are the prime factors of 15448380?
2, 3, 5, 257473
List the prime factors of 12968.
2, 1621
What are the prime factors of 6889635?
3, 5, 283, 541
What are the prime factors of 305546?
2, 37, 4129
List the prime factors of 16096690.
2, 5, 1609669
What are the prime factors of 770469?
3, 7, 19, 1931
What are the prime factors of 4624085?
5, 17, 54401
List the prime factors of 11835647.
61, 194027
What are the prime factors of 7717232?
2, 61, 7907
What are the prime factors of 10446442?
2, 31, 168491
List the prime factors of 187751.
187751
List the prime factors of 20032899.
3, 79, 181, 467
What are the prime factors of 99371?
99371
List the prime factors of 10075425.
3, 5, 134339
What are the prime factors of 6777713?
17, 229, 1741
List the prime factors of 358310.
2, 5, 35831
List the prime factors of 147630.
2, 3, 5, 7, 19, 37
What are the prime factors of 5248641?
3, 31, 56437
What are the prime factors of 25716?
2, 3, 2143
List the prime factors of 734175.
3, 5, 13, 251
What are the prime factors of 5929871?
41, 61, 2371
What are the prime factors of 170384?
2, 23, 463
List the prime factors of 257771.
17, 59, 257
List the prime factors of 478756.
2, 119689
What are the prime factors of 829827?
3, 92203
List the prime factors of 223008.
2, 3, 23, 101
What are the prime factors of 29927271?
3, 11, 61, 14867
What are the prime factors of 8223184?
2, 31, 59, 281
What are the prime factors of 9317899?
131, 71129
List the prime factors of 489934.
2, 19, 12893
What are the prime factors of 380008?
2, 47501
What are the prime factors of 242883?
3, 26987
What are the prime factors of 53735?
5, 11, 977
List the prime factors of 12031852.
2, 7, 17, 23, 157
What are the prime factors of 679132?
2, 169783
What are the prime factors of 91132?
2, 22783
What are the prime factors of 1129831?
1129831
List the prime factors of 185444.
2, 7, 37, 179
List the prime factors of 374600.
2, 5, 1873
List the prime factors of 4992406.
2, 41, 107, 569
List the prime factors of 10162055.
5, 19, 41, 2609
List the prime factors of 179297.
193, 929
What are the prime factors of 594741?
3, 7, 127, 223
List the prime factors of 593308.
2, 23, 6449
List the prime factors of 2921112.
2, 3, 29, 1399
What are the prime factors of 6882621?
3, 1093, 2099
What are the prime factors of 6827795?
5, 13, 17, 37, 167
What are the prime factors of 282765?
3, 5, 7, 2693
What are the prime factors of 3184589?
179, 17791
What are the prime factors of 3725?
5, 149
List the prime factors of 18060063.
3, 7, 233, 3691
What are the prime factors of 952832?
2, 1861
List the prime factors of 2024280.
2, 3, 5, 5623
List the prime factors of 415954.
2, 7, 11, 37, 73
List the prime factors of 41879.
41879
What are the prime factors of 24006?
2, 3, 4001
List the prime factors of 3392707.
17, 23, 8677
List the prime factors of 545981.
109, 5009
What are the prime factors of 461513?
13, 131, 271
List the prime factors of 3292058.
2, 7, 11, 21377
What are the prime factors of 3616428?
2, 3, 23, 13103
List the prime factors of 862955.
5, 107, 1613
What are the prime factors of 570415?
5, 114083
What are the prime factors of 644126?
2, 7, 139, 331
What are the prime factors of 185239?
71, 2609
List the prime factors of 29579296.
2, 59, 15667
List the prime factors of 6785701.
13, 43, 61, 199
What are the prime factors of 13977?
3, 1553
List the prime factors of 2253148.
2, 563287
List the prime factors of 4658508.
2, 3, 129403
List the prime factors of 3761830.
2, 5, 376183
What are the prime factors of 1324993?
331, 4003
List the prime factors of 544916.
2, 23, 5923
What are the prime factors of 9983641?
17, 131, 4483
List the prime factors of 2488616.
2, 13, 23929
List the prime factors of 9745913.
17, 573289
What are the prime factors of 108098?
2, 54049
List the prime factors of 5824502.
2, 197, 14783
What are the prime factors of 3573953?
3573953
What are the prime factors of 2775691?
19, 139, 1051
What are the prime factors of 131904?
2, 3, 229
What are the prime factors of 7863793?
7, 1123399
What are the prime factors of 46792?
2, 5849
List the prime factors of 70366.
2, 151, 233
What are the prime factors of 346058?
2, 23, 7523
List the prime factors of 10812714.
2, 3, 11, 17, 23, 419
List the prime factors of 180360.
2, 3, 5, 167
What are the prime factors of 1061933?
23, 46171
What are the prime factors of 362892?
2, 3, 30241
What are the prime factors of 305227?
13, 53, 443
List the prime factors of 1379288.
2, 172411
List the prime factors of 141672.
2, 3, 5903
List the prime factors of 338715.
3, 5, 13, 193
List the prime factors of 7536835.
5, 613, 2459
What are the prime factors of 12967204?
2, 3241801
List the prime factors of 448473.
3, 149491
List the prime factors of 10044293.
7, 19, 75521
List the prime factors of 313024.
2, 67, 73
What are the prime factors of 20686478?
2, 19, 37, 14713
List the prime factors of 2200109.
769, 2861
What are the prime factors of 8279782?
2, 7, 17, 19, 1831
What are the prime factors of 228879?
3, 7, 173
List the prime factors of 8682320.
2, 5, 108529
What are the prime factors of 163781?
163781
What are the prime factors of 4072503?
3, 17, 47, 1699
What are the prime factors of 16158?
2, 3, 2693
List the prime factors of 1160978.
2, 7, 13, 6379
List the prime factors of 838448.
2, 13, 29, 139
What are the prime factors of 352381?
352381
List the prime factors of 15957816.
2, 3, 7, 43, 47
List the prime factors of 24358925.
5, 47, 20731
What are the prime factors of 524177?
293, 1789
List the prime factors of 3724686.
2, 3, 7, 41, 103
What are the prime factors of 169181?
169181
List the prime factors of 467206.
2, 79, 2957
What are the prime factors of 968179?
37, 137, 191
List the prime factors of 48521.
11, 401
What are the prime factors of 11661118?
2, 7, 257, 463
What are the prime factors of 1204321?
239, 5039
List the prime factors of 3431574.
2, 3, 311, 613
List the prime factors of 2864849.
13, 220373
List the prime factors of 505783.
67, 7549
List the prime factors of 6614075.
5, 13, 47, 433
List the prime factors of 66554.
2, 107, 311
What are the prime factors of 3578404?
2, 823, 1087
List the prime factors of 24116316.
2, 3, 7, 287099
List the prime factors of 2393032.
2, 89, 3361
List the prime factors of 1390223.
839, 1657
List the prime factors of 1983573.
3, 433, 509
List the prime factors of 242263.
7, 53, 653
List the prime factors of 175590.
2, 3, 5, 1951
What are the prime factors of 773076?
2, 3, 23, 2801
List the prime factors of 62676.
2, 3, 1741
List the prime factors of 981059.
131, 7489
What are the prime factors of 636716?
2, 159179
List the prime factors of 30933946.
2, 15466973
What are the prime factors of 144845?
5, 59, 491
What are the prime factors of 1095773?
7, 156539
What are the prime factors of 16785834?
2, 3, 13, 17, 12659
What are the prime factors of 142753?
13, 79, 139
List the prime factors of 70758.
2, 3, 3931
What are the prime factors of 14969461?
13, 43, 61, 439
What are the prime factors of 4832455?
5, 966491
List the prime factors of 3991551.
3, 263, 5059
List the prime factors of 506183.
506183
What are the prime factors of 3893081?
19, 61, 3359
List the prime factors of 1381195.
5, 276239
What are the prime factors of 66227?
7, 9461
What are the prime factors of 14843025?
3, 5, 41, 1609
What are the prime factors of 23401?
7, 3343
List the prime factors of 4456833.
3, 113, 13147
What are the prime factors of 1935935?
5, 387187
What are the prime factors of 441955?
5, 157, 563
List the prime factors of 4112894.
2, 31, 66337
What are the prime factors of 2382022?
2, 1191011
What are the prime factors of 5943?
3, 7, 283
List the prime factors of 28582.
2, 31, 461
What are the prime factors of 554865?
3, 5, 71, 521
What are the prime factors of 1383817?
17, 81401
What are the prime factors of 16792086?
2, 3, 19, 1